{"id":148,"date":"2021-01-15T11:08:06","date_gmt":"2021-01-15T11:08:06","guid":{"rendered":"http:\/\/silvercables.de\/?page_id=148"},"modified":"2021-01-15T11:08:06","modified_gmt":"2021-01-15T11:08:06","slug":"datenschutzerklaerung","status":"publish","type":"page","link":"https:\/\/silvercables.de\/?page_id=148","title":{"rendered":"Datenschutzerkl\u00e4rung"},"content":{"rendered":"\n<p><\/p>\n\n\n\n<p><strong>Datenschutzerkl\u00e4rung nach Datenschutzgrundverordnung<\/strong><\/p>\n\n\n\n<p><strong>Erhebung, Verarbeitung und Nutzung Ihrer Daten<\/strong><br>Sie k\u00f6nnen unsere Seite besuchen, ohne Angaben zu Ihrer Person zu machen. Wir speichern lediglich Zugriffsdaten ohne Personenbezug wie z.B. den Namen Ihres Internet Service Providers, die Seite, von der aus Sie uns besuchen oder den Namen der angeforderten Datei. Diese Daten werden ausschlie\u00dflich zur Verbesserung unseres Angebotes ausgewertet und erlauben keinen R\u00fcckschluss auf Ihre Person.<\/p>\n\n\n\n<p>Diese Zugriffsdaten werden ausschlie\u00dflich zum Zwecke der Sicherstellung eines st\u00f6rungsfreien Betriebs der Seite sowie der Verbesserung unseres Angebots ausgewertet. Dies dient der Wahrung unserer im Rahmen einer Interessensabw\u00e4gung \u00fcberwiegenden berechtigten Interessen an einer korrekten Darstellung unseres Angebots gem\u00e4\u00df Artikel 6 Abs. 1 S. 1 lit. f DSGVO. Alle Zugriffsdaten werden sp\u00e4testens sieben Tage nach Ende Ihres Seitenbesuchs gel\u00f6scht. <strong>Personenbezogene Daten<\/strong> werden nur erhoben, wenn Sie uns diese im Rahmen Ihrer Warenbestellung mitteilen. Wir verwenden die von ihnen mitgeteilten Daten ohne Ihre gesonderte Einwilligung ausschlie\u00dflich zur Erf\u00fcllung und Abwicklung Ihrer Bestellung. Mit vollst\u00e4ndiger Abwicklung des Vertrages und vollst\u00e4ndiger Kaufpreiszahlung werden Ihre Daten f\u00fcr die weitere Verwendung gesperrt und nach Ablauf der steuer- und handelsrechtlichen Vorschriften gel\u00f6scht, sofern Sie nicht ausdr\u00fccklich in die weitere Nutzung Ihrer Daten eingewilligt haben.Wir verarbeiten und nutzen Ihre personenbezogenen Daten ma\u00dfgeblich nur im Rahmen der Vertragserf\u00fcllung gem\u00e4\u00df Artikel 6 DSGVO. Zudem versichern wir, nur das f\u00fcr die Gesch\u00e4ftsbeziehung notwendige Minimum an personenbezogenen Daten anzufordern.Werden personenbezogene Daten in Anbahnung, oder in Anlehnung an eine Vertragsbeziehung verarbeitet, so muss hierf\u00fcr berechtigtes Interesse vorliegen. Ein solches berechtigtes Interesse ist anzunehmen, wennes sich bei dem Betroffenen um einen (m\u00f6glichen) Kunden des Verantwortlichen handelt.<\/p>\n\n\n\n<p><strong>Vertragstext<\/strong><br>Der Vertragstext wird auf unseren internen Systemen gespeichert. Die Allgemeinen Gesch\u00e4ftsbedingungen k\u00f6nnen Sie jederzeit auf dieser Seite einsehen. Soweit Sie ein Kundenkonto erstellt haben, k\u00f6nnen Sie Ihre Kundendaten jederzeit unter \u2018Kundenlogin\u2019 einsehen. Die Bestelldaten und die AGB werden Ihnen per E-Mail zugesendet. Nach Abschluss der Bestellung ist der Vertragstext aus Sicherheitsgr\u00fcnden nicht mehr \u00fcber das Internet zug\u00e4nglich.<\/p>\n\n\n\n<p><strong>Weitergabe personenbezogener Daten<\/strong><br>Eine Weitergabe Ihrer Daten erfolgt an das mit der Lieferung beauftragte Versandunternehmen, soweit dies zur Lieferung der Waren notwendig ist. Zur Abwicklung von Zahlungen geben wir Ihre Zahlungsdaten an das mit der Zahlung beauftragte Kreditinstitut weiter. Eine Weitergabe an sonstige Dritte erfolgt nicht.<\/p>\n\n\n\n<p><strong>Datensicherheit<\/strong><br>Der Zugang zu Ihrem Kundenkonto ist nur nach Eingabe Ihres pers\u00f6nlichen Passwortes m\u00f6glich. Sie sollten Ihre Zugangsinformationen stets vertraulich behandeln und das Browserfenster schlie\u00dfen, wenn Sie die Kommunikation mit uns beendet haben, insbesondere wenn Sie den Computer gemeinsam mit anderen nutzen.Im Rahmen einer Verarbeitung in unserem Auftrag gem\u00e4\u00df Artikel 28 DSGVO erbringt ein etablierter Anbieter f\u00fcr uns die Dienste zum Hosting des Online-Shops und der in diesem Rahmen erhobenen Daten. Dies dient der Wahrung unserer im Rahmen einer Interessensabw\u00e4gung \u00fcberwiegenden berechtigten Interessen an einer korrekten Darstellung unseres Angebots gem\u00e4\u00df Artikel 6 Abs.1 lit. f) DSGVO. Alle Daten, die im Rahmen der Nutzung dieser Webseite oder in daf\u00fcr vorgesehenen Formularen im Online-Shop wie folgend beschrieben erhoben werden, werden auf den Servern dieses Anbieters verarbeitet, der h\u00f6chsten Wert auf den Datenschutz legt und diese Serverausschlie\u00dflich in Rechenzentren operieren, welche h\u00f6chste Sicherheitsstandards durch ISO-Zertifizierungen dokumentieren.<\/p>\n","protected":false},"excerpt":{"rendered":"<div class=\"slide-text-bg2\"><span>Datenschutzerkl\u00e4rung nach Datenschutzgrundverordnung Erhebung, Verarbeitung und Nutzung Ihrer DatenSie k\u00f6nnen unsere Seite besuchen, ohne Angaben zu Ihre<\/span><\/div>\n<div class=\"slide-btn-area-sm\"><a href=\"https:\/\/silvercables.de\/?page_id=148\" class=\"slide-btn-sm\">weiterlesen<\/a><\/div>\n","protected":false},"author":1,"featured_media":0,"parent":0,"menu_order":0,"comment_status":"closed","ping_status":"closed","template":"","meta":{"footnotes":""},"class_list":["post-148","page","type-page","status-publish","hentry"],"yoast_head":"<!-- This site is optimized with the Yoast SEO plugin v20.12 - https:\/\/yoast.com\/wordpress\/plugins\/seo\/ -->\n<title>Datenschutzerkl\u00e4rung - Silber Kabel, Benchmark und Bricasti<\/title>\n<meta name=\"robots\" content=\"index, follow, max-snippet:-1, max-image-preview:large, max-video-preview:-1\" \/>\n<link rel=\"canonical\" href=\"https:\/\/silvercables.de\/?page_id=148\" \/>\n<meta property=\"og:locale\" content=\"de_DE\" \/>\n<meta property=\"og:type\" content=\"article\" \/>\n<meta property=\"og:title\" content=\"Datenschutzerkl\u00e4rung - Silber Kabel, Benchmark und Bricasti\" \/>\n<meta property=\"og:description\" content=\"Datenschutzerkl\u00e4rung nach Datenschutzgrundverordnung Erhebung, Verarbeitung und Nutzung Ihrer DatenSie k\u00f6nnen unsere Seite besuchen, ohne Angaben zu Ihreweiterlesen\" \/>\n<meta property=\"og:url\" content=\"https:\/\/silvercables.de\/?page_id=148\" \/>\n<meta property=\"og:site_name\" content=\"Silber Kabel, Benchmark und Bricasti\" \/>\n<meta name=\"twitter:card\" content=\"summary_large_image\" \/>\n<meta name=\"twitter:label1\" content=\"Gesch\u00e4tzte Lesezeit\" \/>\n\t<meta name=\"twitter:data1\" content=\"3\u00a0Minuten\" \/>\n<script type=\"application\/ld+json\" class=\"yoast-schema-graph\">{\"@context\":\"https:\/\/schema.org\",\"@graph\":[{\"@type\":\"WebPage\",\"@id\":\"https:\/\/silvercables.de\/?page_id=148\",\"url\":\"https:\/\/silvercables.de\/?page_id=148\",\"name\":\"Datenschutzerkl\u00e4rung - Silber Kabel, Benchmark und Bricasti\",\"isPartOf\":{\"@id\":\"https:\/\/silvercables.de\/#website\"},\"datePublished\":\"2021-01-15T11:08:06+00:00\",\"dateModified\":\"2021-01-15T11:08:06+00:00\",\"breadcrumb\":{\"@id\":\"https:\/\/silvercables.de\/?page_id=148#breadcrumb\"},\"inLanguage\":\"de\",\"potentialAction\":[{\"@type\":\"ReadAction\",\"target\":[\"https:\/\/silvercables.de\/?page_id=148\"]}]},{\"@type\":\"BreadcrumbList\",\"@id\":\"https:\/\/silvercables.de\/?page_id=148#breadcrumb\",\"itemListElement\":[{\"@type\":\"ListItem\",\"position\":1,\"name\":\"Startseite\",\"item\":\"https:\/\/silvercables.de\/\"},{\"@type\":\"ListItem\",\"position\":2,\"name\":\"Datenschutzerkl\u00e4rung\"}]},{\"@type\":\"WebSite\",\"@id\":\"https:\/\/silvercables.de\/#website\",\"url\":\"https:\/\/silvercables.de\/\",\"name\":\"Silber Kabel, Benchmark und Bricasti\",\"description\":\"die Technik entscheided \u00fcber den Klang!\",\"potentialAction\":[{\"@type\":\"SearchAction\",\"target\":{\"@type\":\"EntryPoint\",\"urlTemplate\":\"https:\/\/silvercables.de\/?s={search_term_string}\"},\"query-input\":\"required name=search_term_string\"}],\"inLanguage\":\"de\"}]}<\/script>\n<!-- \/ Yoast SEO plugin. -->","yoast_head_json":{"title":"Datenschutzerkl\u00e4rung - Silber Kabel, Benchmark und Bricasti","robots":{"index":"index","follow":"follow","max-snippet":"max-snippet:-1","max-image-preview":"max-image-preview:large","max-video-preview":"max-video-preview:-1"},"canonical":"https:\/\/silvercables.de\/?page_id=148","og_locale":"de_DE","og_type":"article","og_title":"Datenschutzerkl\u00e4rung - Silber Kabel, Benchmark und Bricasti","og_description":"Datenschutzerkl\u00e4rung nach Datenschutzgrundverordnung Erhebung, Verarbeitung und Nutzung Ihrer DatenSie k\u00f6nnen unsere Seite besuchen, ohne Angaben zu Ihreweiterlesen","og_url":"https:\/\/silvercables.de\/?page_id=148","og_site_name":"Silber Kabel, Benchmark und Bricasti","twitter_card":"summary_large_image","twitter_misc":{"Gesch\u00e4tzte Lesezeit":"3\u00a0Minuten"},"schema":{"@context":"https:\/\/schema.org","@graph":[{"@type":"WebPage","@id":"https:\/\/silvercables.de\/?page_id=148","url":"https:\/\/silvercables.de\/?page_id=148","name":"Datenschutzerkl\u00e4rung - Silber Kabel, Benchmark und Bricasti","isPartOf":{"@id":"https:\/\/silvercables.de\/#website"},"datePublished":"2021-01-15T11:08:06+00:00","dateModified":"2021-01-15T11:08:06+00:00","breadcrumb":{"@id":"https:\/\/silvercables.de\/?page_id=148#breadcrumb"},"inLanguage":"de","potentialAction":[{"@type":"ReadAction","target":["https:\/\/silvercables.de\/?page_id=148"]}]},{"@type":"BreadcrumbList","@id":"https:\/\/silvercables.de\/?page_id=148#breadcrumb","itemListElement":[{"@type":"ListItem","position":1,"name":"Startseite","item":"https:\/\/silvercables.de\/"},{"@type":"ListItem","position":2,"name":"Datenschutzerkl\u00e4rung"}]},{"@type":"WebSite","@id":"https:\/\/silvercables.de\/#website","url":"https:\/\/silvercables.de\/","name":"Silber Kabel, Benchmark und Bricasti","description":"die Technik entscheided \u00fcber den Klang!","potentialAction":[{"@type":"SearchAction","target":{"@type":"EntryPoint","urlTemplate":"https:\/\/silvercables.de\/?s={search_term_string}"},"query-input":"required name=search_term_string"}],"inLanguage":"de"}]}},"_links":{"self":[{"href":"https:\/\/silvercables.de\/index.php?rest_route=\/wp\/v2\/pages\/148","targetHints":{"allow":["GET"]}}],"collection":[{"href":"https:\/\/silvercables.de\/index.php?rest_route=\/wp\/v2\/pages"}],"about":[{"href":"https:\/\/silvercables.de\/index.php?rest_route=\/wp\/v2\/types\/page"}],"author":[{"embeddable":true,"href":"https:\/\/silvercables.de\/index.php?rest_route=\/wp\/v2\/users\/1"}],"replies":[{"embeddable":true,"href":"https:\/\/silvercables.de\/index.php?rest_route=%2Fwp%2Fv2%2Fcomments&post=148"}],"version-history":[{"count":1,"href":"https:\/\/silvercables.de\/index.php?rest_route=\/wp\/v2\/pages\/148\/revisions"}],"predecessor-version":[{"id":151,"href":"https:\/\/silvercables.de\/index.php?rest_route=\/wp\/v2\/pages\/148\/revisions\/151"}],"wp:attachment":[{"href":"https:\/\/silvercables.de\/index.php?rest_route=%2Fwp%2Fv2%2Fmedia&parent=148"}],"curies":[{"name":"wp","href":"https:\/\/api.w.org\/{rel}","templated":true}]}}